est common factor of 2539377 and 163?
163
Calculate the highest common divisor of 1312907 and 7.
1
Calculate the greatest common divisor of 1270575 and 8460.
45
What is the greatest common factor of 20449000 and 42625?
1375
What is the greatest common factor of 511128 and 52984188?
8244
Calculate the highest common divisor of 14697365 and 5.
5
What is the highest common factor of 50856 and 28362?
978
What is the highest common factor of 700071560 and 2040?
680
Calculate the highest common factor of 46464 and 534528.
384
Calculate the greatest common divisor of 14 and 329156086.
14
What is the greatest common divisor of 1668124 and 611?
47
What is the greatest common divisor of 2496 and 186560?
64
What is the greatest common divisor of 60 and 133848145?
5
Calculate the highest common factor of 126339504 and 1290.
258
What is the highest common factor of 9 and 4457728?
1
Calculate the highest common divisor of 1134 and 2786805.
567
What is the greatest common divisor of 5871675 and 2100?
75
Calculate the highest common divisor of 31093 and 338719.
59
Calculate the highest common divisor of 4320143 and 731840.
2287
What is the greatest common divisor of 268935932 and 3434?
202
Calculate the greatest common divisor of 170 and 350999476.
34
What is the greatest common divisor of 18472926 and 366?
6
What is the highest common divisor of 64140342 and 4984?
1246
Calculate the highest common divisor of 336 and 16910208.
336
Calculate the highest common factor of 1263 and 302646375.
1263
What is the greatest common divisor of 307 and 102560104?
307
Calculate the greatest common divisor of 23 and 471625879.
23
What is the greatest common divisor of 141466 and 4082?
26
What is the greatest common factor of 499557757 and 37?
37
Calculate the greatest common divisor of 17555672 and 62.
62
What is the highest common divisor of 662174 and 8964?
166
Calculate the highest common factor of 177218736 and 48.
48
Calculate the highest common factor of 1349 and 1577265.
71
Calculate the highest common factor of 3437314 and 208480.
2606
What is the highest common factor of 3013 and 108337?
131
What is the highest common factor of 16303 and 120309?
119
Calculate the greatest common factor of 1033394 and 1749.
53
Calculate the greatest common factor of 10320 and 307640.
40
What is the greatest common factor of 187759 and 1417?
13
Calculate the highest common factor of 953 and 141788293.
953
What is the highest common divisor of 63 and 8625159?
9
What is the highest common factor of 48 and 30282012?
12
Calculate the greatest common factor of 1996892 and 229764.
1868
Calculate the greatest common factor of 1826 and 1810138.
22
Calculate the highest common factor of 775589710 and 140.
70
Calculate the greatest common divisor of 5238908 and 69426.
1102
What is the highest common divisor of 207570 and 517?
11
What is the highest common divisor of 768 and 16276688?
16
Calculate the highest common divisor of 637 and 523145.
7
What is the highest common divisor of 63 and 53045958?
21
Calculate the highest common factor of 14462998 and 2830.
566
Calculate the highest common divisor of 60957504 and 576.
576
Calculate the greatest common factor of 32044410 and 3240.
810
Calculate the highest common divisor of 316 and 150095734.
158
Calculate the greatest common factor of 729 and 60280767.
243
What is the highest common factor of 12311 and 39936?
13
Calculate the greatest common factor of 253080 and 666360.
360
What is the greatest common divisor of 15523 and 60287?
361
Calculate the greatest common divisor of 12282816 and 12012.
1092
What is the greatest common divisor of 390 and 713040?
30
What is the highest common divisor of 83317 and 14297?
493
What is the greatest common divisor of 2911 and 57023210?
41
Calculate the highest common divisor of 9940 and 146332.
4
What is the greatest common divisor of 285664 and 366876?
316
What is the greatest common divisor of 176 and 5281243?
11
What is the highest common factor of 35030 and 200105?
155
Calculate the highest common divisor of 3979 and 4492637.
173
Calculate the greatest common factor of 3321991 and 17978.
101
What is the greatest common factor of 13701330 and 69?
69
Calculate the highest common factor of 7230807 and 64845.
1179
What is the greatest common factor of 72255 and 4365?
15
What is the greatest common factor of 6550 and 743975?
25
Calculate the greatest common divisor of 976 and 73274672.
16
Calculate the greatest common factor of 25783 and 2976255.
1121
Calculate the greatest common factor of 163113228 and 12.
12
Calculate the greatest common divisor of 205740 and 2036340.
1620
Calculate the highest common divisor of 9 and 10035189.
9
Calculate the greatest common divisor of 714 and 2531856138.
714
What is the greatest common divisor of 6815753 and 539?
49
Calculate the highest common factor of 813144 and 22152.
24
Calculate the greatest common factor of 2786 and 5177582.
398
What is the highest common divisor of 970 and 7026486?
194
What is the greatest common factor of 4168385 and 10335?
65
Calculate the greatest common factor of 43268847 and 15618.
411
What is the highest common divisor of 17531 and 275647?
373
Calculate the highest common factor of 1390 and 13073784.
278
Calculate the greatest common factor of 788917 and 33026.
337
Calculate the greatest common factor of 4873 and 17680130.
443
What is the highest common factor of 56800251 and 9?
9
What is the greatest common divisor of 765 and 9702648?
153
What is the greatest common factor of 38831 and 109226?
13
What is the highest common divisor of 1072665 and 78045?
1815
Calculate the greatest common factor of 71 and 816420622.
71
What is the highest common divisor of 148 and 26173985?
37
Calculate the greatest common divisor of 3338930 and 31710.
70
What is the highest common divisor of 23363850 and 1740?
870
What is the highest common factor of 15458510 and 2120?
530
Calculate the highest common divisor of 49878 and 1314.
18
What is the greatest common factor of 6155340 and 48?
12
What is the greatest common factor of 2345 and 6280?
5
What is the highest common factor of 135 and 1282393755?
135
What is the highest common divisor of 2920 and 215788?
292
Calculate the highest common divisor of 100 and 2200190.
10
What is the greatest common factor of 12382832 and 2254?
322
What is the highest common divisor of 205828 and 1988?
28
What is the highest common divisor of 39776 and 215604?
452
What is the highest common factor of 117 and 197150967?
117
What is the greatest common divisor of 107282 and 133084?
1358
What is the highest common factor of 14 and 22595734?
14
Calculate the highest common factor of 7206716 and 187.
11
Calculate the greatest common factor of 85288612 and 8264.
4132
What is the highest common divisor of 7236 and 95579721?
603
Calculate the highest common divisor of 20352368 and 112.
16
What is the highest common divisor of 8 and 460013512?
8
What is the highest common factor of 483207753 and 16872?
2109
What is the highest common factor of 28 and 8626828?
28
Calculate the highest common divisor of 810 and 78531930.
810
What is the greatest common divisor of 1265845320 and 20?
20
Calculate the highest common factor of 9174 and 161935.
139
What is the greatest common factor of 20310380 and 35510?
670
What is the highest common divisor of 41 and 72331667?
41
Calculate the highest common factor of 4911 and 215538879.
4911
What is the greatest common factor of 42968 and 3284264?
328
What is the highest common divisor of 6028484 and 497?
7
What is the greatest common divisor of 33 and 147030411?
33
What is the greatest common divisor of 4636 and 483436?
76
Calculate the highest common factor of 39910 and 51350.
130
Calculate the highest common factor of 1598 and 69296471.
799
What is the greatest common factor of 77809 and 25568714?
3383
What is the highest common factor of 181158 and 8215266?
1662
Calculate the highest common factor of 322 and 54901560.
14
Calculate the greatest common factor of 75 and 3619214400.
75
Calculate the greatest common divisor of 428714 and 2860.
286
Calculate the highest common factor of 22861823 and 10984.
1373
Calculate the highest common divisor of 4905 and 1458209085.
1635
Calculate the greatest common 